 remainder when 878 is divided by ((-12)/(-15))/(756/150 + -5).
18
Suppose -3*m = -3*o - 159, 176 = 4*m + 5*o - 0*o. Let i = 10 - 7. Suppose -i*z + 25 = -2*z. Calculate the remainder when m is divided by z.
24
What is the remainder when (75/(-12) + 1)/((-33)/220) is divided by 22?
13
Suppose -28*l - 5805 = -73*l. What is the remainder when l is divided by 61?
7
Suppose -g + 1 = 6. What is the remainder when 51 is divided by 15 + g/(-10)*-4?
12
Suppose 0 = 2*a + 18 - 46. Calculate the remainder when 52 is divided by a.
10
Suppose -3*f = -7*f + 2*z + 384, 0 = 5*f + 3*z - 491. Calculate the remainder when 63 is divided by 1/3*-1 + f/3.
31
Suppose 51 = 14*q - 621. Calculate the remainder when 133 is divided by q.
37
Let w be (-2)/2 + -1 + (-4 - -6). Suppose 3*a - 16 = -a - 5*p, -4*p - 16 = w. Calculate the remainder when 34 is divided by a.
7
Suppose 0 = 2*q - 4*q + 3*w - 176, -q = 3*w + 79. Let b = -145 - -92. Let k = b - q. Calculate the remainder when k is divided by 11.
10
Let m(z) = z + 1. Let x be m(-1). Let u be -1 + 0 - -3 - x. Suppose -1 = u*k - 9. Calculate the remainder when 15 is divided by k.
3
Let g = -103 + 111. Calculate the remainder when 133 is divided by g.
5
Suppose 0 = -5*f - 3*o + 574 + 1974, 4*o - 1531 = -3*f. Calculate the remainder when f is divided by 16.
13
Let t = 61 - 45. What is the remainder when 90 is divided by t?
10
Let g be (-2*282)/((-2)/(-2)). Suppose -3*y - 5*r + 15 = 0, -2*y - 2*r + 3 = -11. Calculate the remainder when (-1)/5 + g/(-20) is divided by y.
8
Let i(u) = -u**2 + 15. Let d be i(-4). Calculate the remainder when 72 is divided by 69*d*(-4)/12 - -2.
22
Let n(y) = -3*y + 5. Suppose -2*l + 5*l = -5*l. What is the remainder when (-11 + 10)*(l + -33) is divided by n(-4)?
16
Let u(w) be the third derivative of 31*w**6/120 - w**5/60 + w**4/12 - w**3/6 - 2*w**2. Let n be 4/2*-1 + 3. Calculate the remainder when u(n) is divided by 17.
14
Suppose -3*z + 226 = 64. What is the remainder when 118 is divided by z?
10
Let k(t) = t**2 + 3*t + 2. Let a be 222 - (1*-2 - (-9 + 11)). Suppose a*o = 224*o + 32. What is the remainder when o is divided by k(-4)?
4
Suppose -12 = -3*y, 0*m - 3*y = 3*m - 18. What is the remainder when (19/m)/((-3)/(-6)) is divided by 4?
3
Let c(a) = 163*a - 581. Calculate the remainder when c(12) is divided by 53.
50
Suppose 2*a + 10 = -4*o, 3*o - 2*a + 12 = 1. What is the remainder when 24 is divided by -6 + (-6)/o - -18?
10
Let t = -42 + 28. Calculate the remainder when ((-6)/t)/(4/(-14))*-74 is divided by 30.
21
Let c(u) = -4*u**3 + 2*u**2 - u. Let g be c(-2). What is the remainder when (-1 + 34)*g/63 is divided by 4?
2
Let u(c) = 2*c + 53. Calculate the remainder when 167 is divided by u(-17).
15
Suppose -1090 = -b - 4*b. Let j be 0/((-1)/(4 + -3)). Suppose j = -5*g - o + 364, -g - o = 2*g - b. Calculate the remainder when g is divided by 19.
16
Suppose 3*h + 0*h = 99. Suppose -2*s = -m - 4, -5*m - 2*s - s + 45 = 0. Let g(w) = -w**2 + 4*w + 21. What is the remainder when h is divided by g(m)?
6
Suppose 0*r + r = 5*u - 10, 0 = 2*r - u - 25. Suppose 2*y - 34 = 80. What is the remainder when y is divided by r?
12
Suppose 55 = g - 4*h, 0 = -4*h + 3*h - 3. Calculate the remainder when (76 - 13)/(-9) + 135 is divided by g.
42
Suppose 0 = w - s + 3*s - 31, 3*w = -s + 88. Calculate the remainder when 217 is divided by w.
14
Let m be (12/9)/(1/249). Suppose -4*y + 2*v = -m, -6*v = -4*v. What is the remainder when y is divided by 28?
27
What is the remainder when 4/(0 + -1) - (0 - 120) is divided by 35?
11
Suppose -l + 124 = 4*f - 135, 0 = 4*f + 3*l - 265. What is the remainder when f is divided by 11?
9
Suppose -5*t + 3*f + f + 537 = 0, t - 2*f = 105. What is the remainder when t is divided by 28?
25
Let u = 48 + -46. Suppose u*t - 31 = 103. What is the remainder when t is divided by 17?
16
Suppose -88*k = -87*k - 78. What is the remainder when 855 is divided by k?
75
Let a = -1250 + 1438. What is the remainder when a is divided by 55?
23
Suppose 1310 = 9*b - 112. What is the remainder when b is divided by 85?
73
Suppose -3*x + 50 = 5*r - 6*r, -3*r = 5*x + 122. Let g = r + 51. What is the remainder when g is divided by 3?
1
Let h(r) be the first derivative of -r**4/4 + r**3 + r**2 + r + 7. Calculate the remainder when 26 is divided by h(3).
5
Let d(c) = 226*c**3 + 3*c - 3. What is the remainder when d(1) is divided by 46?
42
Let r be 9/(-6)*(-48)/9. Let f = r - 0. Calculate the remainder when 38 is divided by f.
6
Suppose 130*l = 131*l - 2. Calculate the remainder when 133 is divided by (-3289)/(-121) - l/11.
25
Suppose 36 = 7*m - 1140. Let q = 63 + -29. What is the remainder when m is divided by q?
32
Suppose -2*k - 4*m + 46 = 0, 26*k - 28*k - 2*m = -44. What is the remainder when 183 is divided by k?
15
Let t = -389 - -856. What is the remainder when t is divided by 94?
91
Calculate the remainder when ((-19264)/(-1008))/((-4)/(-18)) is divided by (-57)/(-2) - 1/(-2).
28
Suppose 2*d + 77 - 265 = 0. Let l = -85 + d. What is the remainder when 25 is divided by l?
7
Suppose 14 - 11 = -3*w. What is the remainder when 61 is divided by w/1 + 21 + 1 + 1?
17
Let l(c) = 32*c + 271. Calculate the remainder when 137 is divided by l(-7).
43
Let o = 712 - 677. Calculate the remainder when 1117 is divided by o.
32
Suppose 0 = -0*u - 6*u. Suppose -4*n + 196 - 24 = u. Calculate the remainder when n is divided by 22.
21
Let v(w) be the second derivative of 2*w**3/3 - 5*w**2 + 2*w. Suppose -5 - 1 = -2*t. Calculate the remainder when t is divided by v(3).
1
Suppose 3*k + 13 = -h + 3*h, 2*k - 3*h + 12 = 0. What is the remainder when 4/(-10) + (-928)/(-20) is divided by k - ((-2 - 1) + -24)?
22
Let t = -244 + 279. Calculate the remainder when t is divided by 132/9*(-1 - 5/(-2)).
13
Suppose 7*o - 52 = 5*o. Suppose 4*q = -2*v + 64, -q + 38 = 4*v + 8. Calculate the remainder when o is divided by q.
12
Suppose 2*i - t = 10 + 195, -i + 3*t + 115 = 0. Let h = i + -51. Calculate the remainder when h is divided by 26.
23
Let x = -29 - -20. Calculate the remainder when 22 is divided by ((-28)/(-21))/((-1)/x).
10
Let n(b) = -b**2 - 22*b + 33. Calculate the remainder when n(-11) is divided by 60.
34
Suppose 1340 = 38*q + 10. Suppose 6 = 2*c - u - 17, 5*c - 3*u - 60 = 0. Calculate the remainder when q is divided by c.
8
Let d = -77 + 24. Let z = -36 - d. Suppose -j + 260 = 3*j + 2*l, 3*l - 70 = -j. Calculate the remainder when j is divided by z.
13
Suppose 9*b - 7*b + 13 = x, -3*b - 12 = -x. What is the remainder when 38 is divided by x?
8
Let g = 423 + -249. What is the remainder when g is divided by 46?
36
Let z(g) = -2*g + 5. Let h be z(5). Let m(d) = -d - 3. Let q be m(-9). Calculate the remainder when 56 is divided by 58/q*(h + 8).
27
Let a(u) = 2*u + 9*u + 7*u**2 - 7*u + 7 - u**3 - 5*u. Let o be a(6). Suppose -2*f + 154 = 4*k, f = -k - f + o. What is the remainder when k is divided by 20?
19
Let b be 4 - 3/(6/8). Suppose k + k + p - 71 = b, 119 = 3*k + 4*p. Calculate the remainder when k is divided by 18.
15
Suppose -28*l + 34*l = 3444. Calculate the remainder when l is divided by 96.
94
Calculate the remainder when 1657 is divided by -7*(-1 + 3)/((-122)/183).
19
Let l = 852 + -816. What is the remainder when 209 is divided by l?
29
Let q(y) be the third derivative of y**4/24 + y**3/6 - 5*y**2. Let m be q(0). Calculate the remainder when 10 is divided by m/(2 - (-5)/(-3)).
1
Suppose 8*j - 20159 = -11*j. Calculate the remainder when j is divided by 133.
130
Suppose -f + 14 = 5*y - 10, 4*f - 3*y = 73. Suppose 37 = 3*n - 44. What is the remainder when f is divided by (-2)/(-8) + n/4?
5
Suppose 55*k + 292 = 1392. Let v(p) = -p**2 - 7*p - 4. What is the remainder when k is divided by v(-5)?
2
Let p(v) = -v**3 + 2*v**2 + v - v**2 + 76 + v**3 + v**3. Let x be p(0). Calculate the remainder when x*(12/8)/3 is divided by 20.
18
Let c(o) be the second derivative of 5*o**3/6 - 19*o**2 + 32*o. What is the remainder when 84 is divided by c(11)?
16
Let a = -23 + 24. Calculate the remainder when 89 is divided by (-627)/(-27) - 6/27*a.
20
Suppose -2*i + 599 = 3*v, -417 + 121 = -i + 2*v. Calculate the remainder when i is divided by 50.
48
Let n(y) = 6*y**2 - 36. What is the remainder when n(5) is divided by 30?
24
Let a(g) = -g**2 - 16 